[INFO] cloning repository https://github.com/apertium/apertium-stats-service
[INFO] running `Command { std: "git" "-c" "credential.helper=" "-c" "credential.helper=/workspace/cargo-home/bin/git-credential-null" "clone" "--bare" "https://github.com/apertium/apertium-stats-service" "/workspace/cache/git-repos/https%3A%2F%2Fgithub.com%2Fapertium%2Fapertium-stats-service", kill_on_drop: false }`
[INFO] [stderr] Cloning into bare repository '/workspace/cache/git-repos/https%3A%2F%2Fgithub.com%2Fapertium%2Fapertium-stats-service'...
[INFO] running `Command { std: "git" "rev-parse" "HEAD", kill_on_drop: false }`
[INFO] [stdout] 3a143db38eefcca5e0f9897bba49fa10924e4953
[INFO] building apertium/apertium-stats-service against master#881c1ac408d93bb7adaa3a51dabab9266e82eee8 for issue-85264
[INFO] running `Command { std: "git" "clone" "/workspace/cache/git-repos/https%3A%2F%2Fgithub.com%2Fapertium%2Fapertium-stats-service" "/workspace/builds/worker-6/source", kill_on_drop: false }`
[INFO] [stderr] Cloning into '/workspace/builds/worker-6/source'...
[INFO] [stderr] done.
[INFO] validating manifest of git repo https://github.com/apertium/apertium-stats-service on toolchain 881c1ac408d93bb7adaa3a51dabab9266e82eee8
[INFO] running `Command { std: "/workspace/cargo-home/bin/cargo" "+881c1ac408d93bb7adaa3a51dabab9266e82eee8" "metadata" "--manifest-path" "Cargo.toml" "--no-deps", kill_on_drop: false }`
[INFO] removed /workspace/builds/worker-6/source/rust-toolchain
[INFO] started tweaking git repo https://github.com/apertium/apertium-stats-service
[INFO] finished tweaking git repo https://github.com/apertium/apertium-stats-service
[INFO] tweaked toml for git repo https://github.com/apertium/apertium-stats-service written to /workspace/builds/worker-6/source/Cargo.toml
[INFO] crate git repo https://github.com/apertium/apertium-stats-service already has a lockfile, it will not be regenerated
[INFO] running `Command { std: "/workspace/cargo-home/bin/cargo" "+881c1ac408d93bb7adaa3a51dabab9266e82eee8" "fetch" "--manifest-path" "Cargo.toml", kill_on_drop: false }`
[INFO] [stderr]  Downloading crates ...
[INFO] [stderr]   Downloaded slog-stdlog v4.1.0
[INFO] [stderr]   Downloaded sluice v0.5.4
[INFO] [stderr]   Downloaded slog-term v2.8.0
[INFO] [stderr]   Downloaded lalrpop-util v0.19.5
[INFO] [stderr]   Downloaded aesni v0.10.0
[INFO] [stderr]   Downloaded assert-json-diff v2.0.1
[INFO] [stderr]   Downloaded async-process v1.0.2
[INFO] [stderr]   Downloaded pico-args v0.4.0
[INFO] [stderr]   Downloaded rocket_cors v0.4.0
[INFO] [stderr]   Downloaded ctr v0.6.0
[INFO] [stderr]   Downloaded levenshtein v1.0.5
[INFO] [stderr]   Downloaded diesel_cli v1.4.1
[INFO] [stderr]   Downloaded signal-hook v0.3.7
[INFO] [stderr]   Downloaded basic-cookies v0.1.4
[INFO] [stderr]   Downloaded spinning_top v0.2.2
[INFO] [stderr]   Downloaded flume v0.10.2
[INFO] [stderr]   Downloaded cookie v0.11.4
[INFO] [stderr]   Downloaded derive-error-chain v0.11.2
[INFO] [stderr]   Downloaded tree-sitter v0.19.3
[INFO] [stderr]   Downloaded slog-async v2.6.0
[INFO] [stderr]   Downloaded quick-xml v0.12.4
[INFO] [stderr]   Downloaded rocket_contrib v0.4.7
[INFO] [stderr]   Downloaded ctor v0.1.19
[INFO] [stderr]   Downloaded syn v1.0.61
[INFO] [stderr]   Downloaded nb-connect v1.0.3
[INFO] [stderr]   Downloaded libc v0.2.87
[INFO] [stderr]   Downloaded aes v0.6.0
[INFO] [stderr]   Downloaded hkdf v0.10.0
[INFO] [stderr]   Downloaded libnghttp2-sys v0.1.6+1.43.0
[INFO] [stderr]   Downloaded serde_regex v1.1.0
[INFO] [stderr]   Downloaded diesel-derive-enum v1.1.0
[INFO] [stderr]   Downloaded isahc v1.1.0
[INFO] [stderr]   Downloaded syntex_fmt_macros v0.5.0
[INFO] [stderr]   Downloaded httpmock v0.5.6
[INFO] [stderr]   Downloaded dotenv v0.11.0
[INFO] [stderr]   Downloaded cipher v0.2.5
[INFO] [stderr]   Downloaded aes-soft v0.6.4
[INFO] [stderr]   Downloaded aes-gcm v0.8.0
[INFO] [stderr]   Downloaded unicase_serde v0.1.0
[INFO] [stderr]   Downloaded slog-envlogger v2.2.0
[INFO] [stderr]   Downloaded term v0.7.0
[INFO] [stderr]   Downloaded lalrpop v0.19.5
[INFO] [stderr]   Downloaded async-object-pool v0.1.4
[INFO] running `Command { std: "docker" "create" "-v" "/var/lib/crater-agent-workspace/builds/worker-6/target:/opt/rustwide/target:rw,Z" "-v" "/var/lib/crater-agent-workspace/builds/worker-6/source:/opt/rustwide/workdir:ro,Z" "-v" "/var/lib/crater-agent-workspace/cargo-home:/opt/rustwide/cargo-home:ro,Z" "-v" "/var/lib/crater-agent-workspace/rustup-home:/opt/rustwide/rustup-home:ro,Z" "-e" "SOURCE_DIR=/opt/rustwide/workdir" "-e" "CARGO_TARGET_DIR=/opt/rustwide/target" "-e" "CARGO_HOME=/opt/rustwide/cargo-home" "-e" "RUSTUP_HOME=/opt/rustwide/rustup-home" "-w" "/opt/rustwide/workdir" "-m" "1610612736" "--user" "0:0" "--network" "none" "ghcr.io/rust-lang/crates-build-env/linux@sha256:20528e8c29e4536546f0102ce88568b16ea7538393a33fcca951030f7af10457" "/opt/rustwide/cargo-home/bin/cargo" "+881c1ac408d93bb7adaa3a51dabab9266e82eee8" "metadata" "--no-deps" "--format-version=1", kill_on_drop: false }`
[INFO] [stdout] 3a179caacd84783c99acab752e7f9666ae52b1bbcd68c0728e68a437772fc99b
[INFO] [stderr] WARNING: Your kernel does not support swap limit capabilities or the cgroup is not mounted. Memory limited without swap.
[INFO] running `Command { std: "docker" "start" "-a" "3a179caacd84783c99acab752e7f9666ae52b1bbcd68c0728e68a437772fc99b", kill_on_drop: false }`
[INFO] running `Command { std: "docker" "inspect" "3a179caacd84783c99acab752e7f9666ae52b1bbcd68c0728e68a437772fc99b", kill_on_drop: false }`
[INFO] running `Command { std: "docker" "rm" "-f" "3a179caacd84783c99acab752e7f9666ae52b1bbcd68c0728e68a437772fc99b", kill_on_drop: false }`
[INFO] [stdout] 3a179caacd84783c99acab752e7f9666ae52b1bbcd68c0728e68a437772fc99b
[INFO] running `Command { std: "docker" "create" "-v" "/var/lib/crater-agent-workspace/builds/worker-6/target:/opt/rustwide/target:rw,Z" "-v" "/var/lib/crater-agent-workspace/builds/worker-6/source:/opt/rustwide/workdir:ro,Z" "-v" "/var/lib/crater-agent-workspace/cargo-home:/opt/rustwide/cargo-home:ro,Z" "-v" "/var/lib/crater-agent-workspace/rustup-home:/opt/rustwide/rustup-home:ro,Z" "-e" "SOURCE_DIR=/opt/rustwide/workdir" "-e" "CARGO_TARGET_DIR=/opt/rustwide/target" "-e" "CARGO_INCREMENTAL=0" "-e" "RUST_BACKTRACE=full" "-e" "RUSTFLAGS=--cap-lints=forbid" "-e" "CARGO_HOME=/opt/rustwide/cargo-home" "-e" "RUSTUP_HOME=/opt/rustwide/rustup-home" "-w" "/opt/rustwide/workdir" "-m" "1610612736" "--user" "0:0" "--network" "none" "ghcr.io/rust-lang/crates-build-env/linux@sha256:20528e8c29e4536546f0102ce88568b16ea7538393a33fcca951030f7af10457" "/opt/rustwide/cargo-home/bin/cargo" "+881c1ac408d93bb7adaa3a51dabab9266e82eee8" "build" "--frozen" "--message-format=json", kill_on_drop: false }`
[INFO] [stdout] 808d1b5437ed4c2da0c2c5b57a512671ba768b2671641d3938f9e25bc0f0cdeb
[INFO] [stderr] WARNING: Your kernel does not support swap limit capabilities or the cgroup is not mounted. Memory limited without swap.
[INFO] running `Command { std: "docker" "start" "-a" "808d1b5437ed4c2da0c2c5b57a512671ba768b2671641d3938f9e25bc0f0cdeb", kill_on_drop: false }`
[INFO] [stderr]    Compiling syn v1.0.61
[INFO] [stderr]    Compiling libc v0.2.87
[INFO] [stderr]    Compiling lazy_static v1.4.0
[INFO] [stderr]    Compiling unicode-xid v0.1.0
[INFO] [stderr]    Compiling subtle v2.4.0
[INFO] [stderr]    Compiling yansi v0.5.0
[INFO] [stderr]    Compiling pin-project-lite v0.2.6
[INFO] [stderr]    Compiling gimli v0.23.0
[INFO] [stderr]    Compiling rustc-demangle v0.1.18
[INFO] [stderr]    Compiling object v0.23.0
[INFO] [stderr]    Compiling cpuid-bool v0.2.0
[INFO] [stderr]    Compiling failure_derive v0.1.8
[INFO] [stderr]    Compiling percent-encoding v1.0.1
[INFO] [stderr]    Compiling futures-io v0.3.13
[INFO] [stderr]    Compiling slog v2.7.0
[INFO] [stderr]    Compiling void v1.0.2
[INFO] [stderr]    Compiling either v1.6.1
[INFO] [stderr]    Compiling state v0.4.2
[INFO] [stderr]    Compiling unicode-segmentation v1.7.1
[INFO] [stderr]    Compiling encoding_rs v0.8.28
[INFO] [stderr]    Compiling glob v0.3.0
[INFO] [stderr]    Compiling doc-comment v0.3.3
[INFO] [stderr]    Compiling take_mut v0.2.2
[INFO] [stderr]    Compiling ipnet v2.3.0
[INFO] [stderr]    Compiling mime v0.3.16
[INFO] [stderr]    Compiling remove_dir_all v0.5.3
[INFO] [stderr]    Compiling syntex_fmt_macros v0.5.0
[INFO] [stderr]    Compiling indexmap v1.6.1
[INFO] [stderr]    Compiling miniz_oxide v0.4.4
[INFO] [stderr]    Compiling tokio v1.3.0
[INFO] [stderr]    Compiling num-traits v0.2.14
[INFO] [stderr]    Compiling num-integer v0.1.44
[INFO] [stderr]    Compiling crossbeam-utils v0.8.3
[INFO] [stderr]    Compiling unicase v2.6.0
[INFO] [stderr]    Compiling thread_local v1.1.3
[INFO] [stderr]    Compiling libsqlite3-sys v0.18.0
[INFO] [stderr]    Compiling tree-sitter v0.19.3
[INFO] [stderr]    Compiling apertium-stats-service v0.1.0 (/opt/rustwide/workdir)
[INFO] [stderr]    Compiling futures-channel v0.3.13
[INFO] [stderr]    Compiling base64 v0.9.3
[INFO] [stderr]    Compiling tracing-core v0.1.17
[INFO] [stderr]    Compiling thread_local v0.3.6
[INFO] [stderr]    Compiling unreachable v1.0.0
[INFO] [stderr]    Compiling pear_codegen v0.1.4
[INFO] [stderr]    Compiling rocket_codegen v0.4.7
[INFO] [stderr]    Compiling rocket v0.4.7
[INFO] [stderr]    Compiling proc-macro2 v0.4.30
[INFO] [stderr]    Compiling heck v0.3.2
[INFO] [stderr]    Compiling combine v3.8.1
[INFO] [stderr]    Compiling aho-corasick v0.6.10
[INFO] [stderr]    Compiling idna v0.1.5
[INFO] [stderr] The following warnings were emitted during compilation:
[INFO] [stderr] 
[INFO] [stderr] warning: cc: error: src/stats/tree-sitter-apertium/tree-sitter-lexd/src/parser.c: No such file or directory
[INFO] [stderr] warning: cc: fatal error: no input files
[INFO] [stderr] warning: compilation terminated.
[INFO] [stderr] 
[INFO] [stderr] error: failed to run custom build command for `apertium-stats-service v0.1.0 (/opt/rustwide/workdir)`
[INFO] [stderr] 
[INFO] [stderr] Caused by:
[INFO] [stderr]   process didn't exit successfully: `/opt/rustwide/target/debug/build/apertium-stats-service-f7f44aba8907d302/build-script-build` (exit status: 1)
[INFO] [stderr]   --- stdout
[INFO] [stderr]   TARGET = Some("x86_64-unknown-linux-gnu")
[INFO] [stderr]   OPT_LEVEL = Some("0")
[INFO] [stderr]   HOST = Some("x86_64-unknown-linux-gnu")
[INFO] [stderr]   CC_x86_64-unknown-linux-gnu = None
[INFO] [stderr]   CC_x86_64_unknown_linux_gnu = None
[INFO] [stderr]   HOST_CC = None
[INFO] [stderr]   CC = None
[INFO] [stderr]   CFLAGS_x86_64-unknown-linux-gnu = None
[INFO] [stderr]   CFLAGS_x86_64_unknown_linux_gnu = None
[INFO] [stderr]   HOST_CFLAGS = None
[INFO] [stderr]   CFLAGS = None
[INFO] [stderr]   CRATE_CC_NO_DEFAULTS = None
[INFO] [stderr]   DEBUG = Some("true")
[INFO] [stderr]   CARGO_CFG_TARGET_FEATURE = Some("fxsr,sse,sse2")
[INFO] [stderr]   running: "cc" "-O0" "-ffunction-sections" "-fdata-sections" "-fPIC" "-g" "-fno-omit-frame-pointer" "-m64" "-I" "src/stats/tree-sitter-apertium/tree-sitter-lexd/src" "-I" "src/stats/tree-sitter-apertium/tree-sitter-cg/src" "-Wall" "-Wextra" "-o" "/opt/rustwide/target/debug/build/apertium-stats-service-8c420bef54b6c4ea/out/src/stats/tree-sitter-apertium/tree-sitter-lexd/src/parser.o" "-c" "src/stats/tree-sitter-apertium/tree-sitter-lexd/src/parser.c"
[INFO] [stderr]   cargo:warning=cc: error: src/stats/tree-sitter-apertium/tree-sitter-lexd/src/parser.c: No such file or directory
[INFO] [stderr]   cargo:warning=cc: fatal error: no input files
[INFO] [stderr]   cargo:warning=compilation terminated.
[INFO] [stderr]   exit status: 1
[INFO] [stderr] 
[INFO] [stderr]   --- stderr
[INFO] [stderr] 
[INFO] [stderr] 
[INFO] [stderr]   error occurred: Command "cc" "-O0" "-ffunction-sections" "-fdata-sections" "-fPIC" "-g" "-fno-omit-frame-pointer" "-m64" "-I" "src/stats/tree-sitter-apertium/tree-sitter-lexd/src" "-I" "src/stats/tree-sitter-apertium/tree-sitter-cg/src" "-Wall" "-Wextra" "-o" "/opt/rustwide/target/debug/build/apertium-stats-service-8c420bef54b6c4ea/out/src/stats/tree-sitter-apertium/tree-sitter-lexd/src/parser.o" "-c" "src/stats/tree-sitter-apertium/tree-sitter-lexd/src/parser.c" with args "cc" did not execute successfully (status code exit status: 1).
[INFO] [stderr] 
[INFO] [stderr] 
[INFO] [stderr] warning: build failed, waiting for other jobs to finish...
[INFO] [stderr] error: build failed
[INFO] running `Command { std: "docker" "inspect" "808d1b5437ed4c2da0c2c5b57a512671ba768b2671641d3938f9e25bc0f0cdeb", kill_on_drop: false }`
[INFO] running `Command { std: "docker" "rm" "-f" "808d1b5437ed4c2da0c2c5b57a512671ba768b2671641d3938f9e25bc0f0cdeb", kill_on_drop: false }`
[INFO] [stdout] 808d1b5437ed4c2da0c2c5b57a512671ba768b2671641d3938f9e25bc0f0cdeb
